{"id":53,"date":"2020-11-03T12:43:50","date_gmt":"2020-11-03T11:43:50","guid":{"rendered":"http:\/\/lafamillecartophille.com\/?page_id=53"},"modified":"2020-11-10T14:30:57","modified_gmt":"2020-11-10T13:30:57","slug":"enfants-de-la-tempete","status":"publish","type":"page","link":"https:\/\/lafamillecartophille.com\/index.php\/enfants-de-la-tempete\/","title":{"rendered":"Les Enfants de la Temp\u00eate"},"content":{"rendered":"\t\t<div data-elementor-type=\"wp-page\" data-elementor-id=\"53\" class=\"elementor elementor-53\" data-elementor-settings=\"[]\">\n\t\t\t\t\t\t<div class=\"elementor-inner\">\n\t\t\t\t\t\t\t<div class=\"elementor-section-wrap\">\n\t\t\t\t\t\t\t<section class=\"elementor-section elementor-top-section elementor-element elementor-element-4349381 elementor-section-full_width elementor-section-stretched elementor-section-height-default elementor-section-height-default elementor-invisible\" data-id=\"4349381\" data-element_type=\"section\" data-settings=\"{&quot;animation&quot;:&quot;fadeIn&quot;,&quot;stretch_section&quot;:&quot;section-stretched&quot;,&quot;background_background&quot;:&quot;classic&quot;}\">\n\t\t\t\t\t\t\t<div class=\"elementor-background-overlay\"><\/div>\n\t\t\t\t\t\t\t<div class=\"elementor-container elementor-column-gap-default\">\n\t\t\t\t\t\t\t<div class=\"elementor-row\">\n\t\t\t\t\t<div class=\"elementor-column elementor-col-100 elementor-top-column elementor-element elementor-element-45535c7\" data-id=\"45535c7\" data-element_type=\"column\">\n\t\t\t<div class=\"elementor-column-wrap elementor-element-populated\">\n\t\t\t\t\t\t\t<div class=\"elementor-widget-wrap\">\n\t\t\t\t\t\t<section class=\"elementor-section elementor-inner-section elementor-element elementor-element-c35855e elementor-section-boxed elementor-section-height-default elementor-section-height-default elementor-invisible\" data-id=\"c35855e\" data-element_type=\"section\" data-settings=\"{&quot;animation&quot;:&quot;fadeIn&quot;}\">\n\t\t\t\t\t\t<div class=\"elementor-container elementor-column-gap-default\">\n\t\t\t\t\t\t\t<div class=\"elementor-row\">\n\t\t\t\t\t<div class=\"elementor-column elementor-col-100 elementor-inner-column elementor-element elementor-element-b7f9e69\" data-id=\"b7f9e69\" data-element_type=\"column\">\n\t\t\t<div class=\"elementor-column-wrap elementor-element-populated\">\n\t\t\t\t\t\t\t<div class=\"elementor-widget-wrap\">\n\t\t\t\t\t\t<div class=\"elementor-element elementor-element-d47f8ea elementor-widget elementor-widget-text-editor\" data-id=\"d47f8ea\" data-element_type=\"widget\" data-widget_type=\"text-editor.default\">\n\t\t\t\t<div class=\"elementor-widget-container\">\n\t\t\t\t\t<div class=\"elementor-text-editor elementor-clearfix\"><p>\u00ab <strong>Les Enfants de la Temp\u00eate<\/strong> \u00bb est le nom d&rsquo;un dispositif artistique immersif et participatif de cr\u00e9ation partag\u00e9e avec les habitants.<br \/>Selon les demandes, il se d\u00e9veloppe sur une dur\u00e9e d&rsquo;une \u00e0 trois ann\u00e9es. Il d\u00e9bouche sur un spectacle participatif en g\u00e9ant.<br \/>\u00ab <strong>Les Enfants de la Temp\u00eate<\/strong> \u00bb ont \u00e9t\u00e9 mont\u00e9s \u00e0 <strong>Angers Nord quartier du Verneau<\/strong> entre 201? et 201?.<br \/>Ainsi qu&rsquo;\u00e0 <strong>Rez\u00e9 quartier Ch\u00e2teau-Mahaudi\u00e8res<\/strong> entre 2017 et 2019.<\/p><\/div>\n\t\t\t\t<\/div>\n\t\t\t\t<\/div>\n\t\t\t\t<div class=\"elementor-element elementor-element-f0a9829 elementor-widget elementor-widget-text-editor\" data-id=\"f0a9829\" data-element_type=\"widget\" data-widget_type=\"text-editor.default\">\n\t\t\t\t<div class=\"elementor-widget-container\">\n\t\t\t\t\t<div class=\"elementor-text-editor elementor-clearfix\"><h6><span style=\"text-decoration: underline; color: #fff;\"><a href=\"https:\/\/lafamillecartophille.com\/wp-content\/uploads\/2020\/11\/dossier-les-enfants-de-la-tempete-web.pdf\" target=\"_blank\" rel=\"noopener\">CLIQUEZ ICI POUR T\u00c9L\u00c9CHARGER LE DOSSIER D&rsquo;INTENTION DES ENFANTS DE LA TEMP\u00caTE &#8211; REZ\u00c9 (44)<\/a><\/span><\/h6><\/div>\n\t\t\t\t<\/div>\n\t\t\t\t<\/div>\n\t\t\t\t<div class=\"elementor-element elementor-element-d29f087 elementor-widget elementor-widget-image\" data-id=\"d29f087\" data-element_type=\"widget\" data-widget_type=\"image.default\">\n\t\t\t\t<div class=\"elementor-widget-container\">\n\t\t\t\t\t<div class=\"elementor-image\">\n\t\t\t\t\t\t\t\t\t\t<img width=\"1211\" height=\"398\" src=\"https:\/\/lafamillecartophille.com\/wp-content\/uploads\/2020\/11\/enfants-de-la-tempete-snapshot-01.jpg\" class=\"attachment-full size-full\" alt=\"Cartophille Enfants de la temp\u00eate\" loading=\"lazy\" srcset=\"https:\/\/lafamillecartophille.com\/wp-content\/uploads\/2020\/11\/enfants-de-la-tempete-snapshot-01.jpg 1211w, https:\/\/lafamillecartophille.com\/wp-content\/uploads\/2020\/11\/enfants-de-la-tempete-snapshot-01-300x99.jpg 300w, https:\/\/lafamillecartophille.com\/wp-content\/uploads\/2020\/11\/enfants-de-la-tempete-snapshot-01-1024x337.jpg 1024w, https:\/\/lafamillecartophille.com\/wp-content\/uploads\/2020\/11\/enfants-de-la-tempete-snapshot-01-768x252.jpg 768w\" sizes=\"(max-width: 1211px) 100vw, 1211px\" \/>\t\t\t\t\t\t\t\t\t\t\t<\/div>\n\t\t\t\t<\/div>\n\t\t\t\t<\/div>\n\t\t\t\t\t\t<\/div>\n\t\t\t\t\t<\/div>\n\t\t<\/div>\n\t\t\t\t\t\t\t\t<\/div>\n\t\t\t\t\t<\/div>\n\t\t<\/section>\n\t\t\t\t\t\t<\/div>\n\t\t\t\t\t<\/div>\n\t\t<\/div>\n\t\t\t\t\t\t\t\t<\/div>\n\t\t\t\t\t<\/div>\n\t\t<\/section>\n\t\t\t\t<section class=\"elementor-section elementor-top-section elementor-element elementor-element-515bbc0 elementor-section-full_width elementor-section-stretched elementor-section-height-default elementor-section-height-default elementor-invisible\" data-id=\"515bbc0\" data-element_type=\"section\" data-settings=\"{&quot;animation&quot;:&quot;fadeIn&quot;,&quot;stretch_section&quot;:&quot;section-stretched&quot;,&quot;background_background&quot;:&quot;classic&quot;}\">\n\t\t\t\t\t\t\t<div class=\"elementor-background-overlay\"><\/div>\n\t\t\t\t\t\t\t<div class=\"elementor-container elementor-column-gap-default\">\n\t\t\t\t\t\t\t<div class=\"elementor-row\">\n\t\t\t\t\t<div class=\"elementor-column elementor-col-100 elementor-top-column elementor-element elementor-element-2b57f05\" data-id=\"2b57f05\" data-element_type=\"column\">\n\t\t\t<div class=\"elementor-column-wrap elementor-element-populated\">\n\t\t\t\t\t\t\t<div class=\"elementor-widget-wrap\">\n\t\t\t\t\t\t<section class=\"elementor-section elementor-inner-section elementor-element elementor-element-55b5c04 elementor-section-boxed elementor-section-height-default elementor-section-height-default elementor-invisible\" data-id=\"55b5c04\" data-element_type=\"section\" data-settings=\"{&quot;animation&quot;:&quot;fadeIn&quot;}\">\n\t\t\t\t\t\t<div class=\"elementor-container elementor-column-gap-default\">\n\t\t\t\t\t\t\t<div class=\"elementor-row\">\n\t\t\t\t\t<div class=\"elementor-column elementor-col-50 elementor-inner-column elementor-element elementor-element-17395d6\" data-id=\"17395d6\" data-element_type=\"column\">\n\t\t\t<div class=\"elementor-column-wrap elementor-element-populated\">\n\t\t\t\t\t\t\t<div class=\"elementor-widget-wrap\">\n\t\t\t\t\t\t<div class=\"elementor-element elementor-element-0240b15 elementor-widget elementor-widget-text-editor\" data-id=\"0240b15\" data-element_type=\"widget\" data-widget_type=\"text-editor.default\">\n\t\t\t\t<div class=\"elementor-widget-container\">\n\t\t\t\t\t<div class=\"elementor-text-editor elementor-clearfix\"><p>La m\u00e9moire se met en mouvement. Vers un devenir.<br \/>Dans une explosion d\u2019images, de danses, d\u2019odeurs et de sons.<br \/>Un feu positif, stimulant, r\u00e9chauffant et explosif, une danse \u00e9pilogue.<\/p><p>Tout commence avec Victor Hugo, \u00ab Cr\u00e9er c\u2019est se souvenir \u00bb.<br \/>La famille Cartophille est un groupe artistique professionnel<br \/>de danse-th\u00e9\u00e2tre, musique, photo et vid\u00e9o.<br \/>Elle rassemble des artistes d\u2019horizons divers :<br \/>metteur en sc\u00e8ne, danseurs-com\u00e9diens, musiciens, vid\u00e9astes, \u00e9clairagistes, sc\u00e9nographes tous anim\u00e9s par la m\u00eame envie de cr\u00e9er et de transmettre.<br \/>Parce qu\u2019une vie de famille est riche et complexe, elle est faite de souvenirs et d\u2019objets dont \u00e9manent des histoires. Il faut des membres de la famille pour la r\u00e9unir et la dire cette histoire, ces souvenirs. Et C\u2019est que la famille Cartophille fait tous kes jours.<br \/>Parce qu\u2019une vie de famille parle \u00e0 tous, nous avons choisi de parler \u00e0 l\u2019humain dans la rue, dans les quartiers, dans les \u00e9coles, dans les villes, dans les micro-espaces de vie des citoyens comme sur les g\u00e9antes fa\u00e7ades d\u2019immeubles.<br \/>Notre art est de cr\u00e9er avec les gens et leurs histoires.<br \/>Parce que \u00ab Cr\u00e9er c\u2019est se souvenir \u00bb.<\/p><\/div>\n\t\t\t\t<\/div>\n\t\t\t\t<\/div>\n\t\t\t\t\t\t<\/div>\n\t\t\t\t\t<\/div>\n\t\t<\/div>\n\t\t\t\t<div class=\"elementor-column elementor-col-50 elementor-inner-column elementor-element elementor-element-b79103b\" data-id=\"b79103b\" data-element_type=\"column\">\n\t\t\t<div class=\"elementor-column-wrap elementor-element-populated\">\n\t\t\t\t\t\t\t<div class=\"elementor-widget-wrap\">\n\t\t\t\t\t\t<div class=\"elementor-element elementor-element-187a44b elementor-widget elementor-widget-text-editor\" data-id=\"187a44b\" data-element_type=\"widget\" data-widget_type=\"text-editor.default\">\n\t\t\t\t<div class=\"elementor-widget-container\">\n\t\t\t\t\t<div class=\"elementor-text-editor elementor-clearfix\"><p>Nous cr\u00e9ons en partenariat avec les villes, les associations et les \u00e9tablissements scolaires.<\/p><p>La famille Cartophille m\u00e8ne un travail autour de la danse, th\u00e9\u00e2tre et photographie-carte postale.<\/p><p>\u00ab Le vrai bonheur serait de se souvenir du pr\u00e9sent \u00bb disait Jules Renard.<br \/>Pour se souvenir, il faut des t\u00e9moins, des envies de raconter. Il faut que les gens aient confiance dans leur parole et dans l\u2019oreille qui l\u2019accueille. Qu\u2019on les aide \u00e0 voir que leurs souvenirs sont utiles et l\u00e9gitimes, qu\u2019ils servent \u00e0 la vie et au futur.<\/p><p>La famille Cartophille cultive l\u2019art d\u2019entrevoir et de laisser \u00e9merger le souvenir sensible et brut de tout \u00e0 chacun. Elle sait l\u2019art de faire \u00e9merger et cueillir la m\u00e9moire.<br \/>Une r\u00e9colte en mouvements :<br \/>Elle sait prendre l\u2019\u00e9lan des gens dans les \u00e9coles, dans la rue par la photographie. Elles sait saisir l\u2019\u00e9nergie pure et positive de tout \u00e0 chacun.<br \/>Elle sait cueillir l\u2019\u00e9lan d\u2019un saut de fou comme le geste maladroit aupr\u00e8s des publics de tous \u00e2ges.<br \/>Elle sait \u00e9crire, r\u00e9\u00e9crire, raturer, r\u00e9\u00e9crire, r\u00eaver, r\u00e9inventer.<br \/>Elle sait \u00e9crire en tout petit comme en infiniment grand.<br \/>Elle sait projeter, cr\u00e9er et remettre l\u2019humain dans un acte artistique fort et joyeux.<\/p><\/div>\n\t\t\t\t<\/div>\n\t\t\t\t<\/div>\n\t\t\t\t\t\t<\/div>\n\t\t\t\t\t<\/div>\n\t\t<\/div>\n\t\t\t\t\t\t\t\t<\/div>\n\t\t\t\t\t<\/div>\n\t\t<\/section>\n\t\t\t\t<section class=\"elementor-section elementor-inner-section elementor-element elementor-element-d4d5787 elementor-section-boxed elementor-section-height-default elementor-section-height-default elementor-invisible\" data-id=\"d4d5787\" data-element_type=\"section\" data-settings=\"{&quot;animation&quot;:&quot;fadeIn&quot;}\">\n\t\t\t\t\t\t<div class=\"elementor-container elementor-column-gap-default\">\n\t\t\t\t\t\t\t<div class=\"elementor-row\">\n\t\t\t\t\t<div class=\"elementor-column elementor-col-50 elementor-inner-column elementor-element elementor-element-7818993\" data-id=\"7818993\" data-element_type=\"column\">\n\t\t\t<div class=\"elementor-column-wrap elementor-element-populated\">\n\t\t\t\t\t\t\t<div class=\"elementor-widget-wrap\">\n\t\t\t\t\t\t<div class=\"elementor-element elementor-element-4a0c434 elementor-aspect-ratio-169 elementor-widget elementor-widget-video\" data-id=\"4a0c434\" data-element_type=\"widget\" data-settings=\"{&quot;aspect_ratio&quot;:&quot;169&quot;}\" data-widget_type=\"video.default\">\n\t\t\t\t<div class=\"elementor-widget-container\">\n\t\t\t\t\t<div class=\"elementor-wrapper elementor-fit-aspect-ratio elementor-open-inline\">\n\t\t\t<iframe class=\"elementor-video-iframe\" allowfullscreen title=\"Lecteur vid\u00e9o youtube\" src=\"https:\/\/www.youtube.com\/embed\/o77kNacLwCg?feature=oembed&amp;start&amp;end&amp;wmode=opaque&amp;loop=0&amp;controls=1&amp;mute=0&amp;rel=0&amp;modestbranding=1\"><\/iframe>\t\t<\/div>\n\t\t\t\t<\/div>\n\t\t\t\t<\/div>\n\t\t\t\t<div class=\"elementor-element elementor-element-96c0349 elementor-widget elementor-widget-text-editor\" data-id=\"96c0349\" data-element_type=\"widget\" data-widget_type=\"text-editor.default\">\n\t\t\t\t<div class=\"elementor-widget-container\">\n\t\t\t\t\t<div class=\"elementor-text-editor elementor-clearfix\"><p>LIVRE D&rsquo;OR DES ENFANTS DE LA TEMP\u00caTE : UNE SOIR\u00c9E AU CH\u00c2TEAU (REZ\u00c9 &#8211; 44 | 2019)<\/p><\/div>\n\t\t\t\t<\/div>\n\t\t\t\t<\/div>\n\t\t\t\t\t\t<\/div>\n\t\t\t\t\t<\/div>\n\t\t<\/div>\n\t\t\t\t<div class=\"elementor-column elementor-col-50 elementor-inner-column elementor-element elementor-element-2c1abb6\" data-id=\"2c1abb6\" data-element_type=\"column\">\n\t\t\t<div class=\"elementor-column-wrap elementor-element-populated\">\n\t\t\t\t\t\t\t<div class=\"elementor-widget-wrap\">\n\t\t\t\t\t\t<div class=\"elementor-element elementor-element-bf86e43 elementor-aspect-ratio-169 elementor-widget elementor-widget-video\" data-id=\"bf86e43\" data-element_type=\"widget\" data-settings=\"{&quot;aspect_ratio&quot;:&quot;169&quot;}\" data-widget_type=\"video.default\">\n\t\t\t\t<div class=\"elementor-widget-container\">\n\t\t\t\t\t<div class=\"elementor-wrapper elementor-fit-aspect-ratio elementor-open-inline\">\n\t\t\t<iframe class=\"elementor-video-iframe\" allowfullscreen title=\"Lecteur vid\u00e9o youtube\" src=\"https:\/\/www.youtube.com\/embed\/PJFJLZp9Zlk?feature=oembed&amp;start&amp;end&amp;wmode=opaque&amp;loop=0&amp;controls=1&amp;mute=0&amp;rel=0&amp;modestbranding=1\"><\/iframe>\t\t<\/div>\n\t\t\t\t<\/div>\n\t\t\t\t<\/div>\n\t\t\t\t<div class=\"elementor-element elementor-element-ed29aae elementor-widget elementor-widget-text-editor\" data-id=\"ed29aae\" data-element_type=\"widget\" data-widget_type=\"text-editor.default\">\n\t\t\t\t<div class=\"elementor-widget-container\">\n\t\t\t\t\t<div class=\"elementor-text-editor elementor-clearfix\"><p>LES ENFANTS DE LA TEMP\u00caTE : EXTRAIT DU SPECTACLE (ANGERS &#8211; 49 | 2014)<\/p><\/div>\n\t\t\t\t<\/div>\n\t\t\t\t<\/div>\n\t\t\t\t\t\t<\/div>\n\t\t\t\t\t<\/div>\n\t\t<\/div>\n\t\t\t\t\t\t\t\t<\/div>\n\t\t\t\t\t<\/div>\n\t\t<\/section>\n\t\t\t\t\t\t<\/div>\n\t\t\t\t\t<\/div>\n\t\t<\/div>\n\t\t\t\t\t\t\t\t<\/div>\n\t\t\t\t\t<\/div>\n\t\t<\/section>\n\t\t\t\t<section class=\"elementor-section elementor-top-section elementor-element elementor-element-300b525 elementor-section-full_width elementor-section-stretched elementor-section-height-default elementor-section-height-default elementor-invisible\" data-id=\"300b525\" data-element_type=\"section\" data-settings=\"{&quot;animation&quot;:&quot;fadeIn&quot;,&quot;stretch_section&quot;:&quot;section-stretched&quot;}\">\n\t\t\t\t\t\t\t<div class=\"elementor-background-overlay\"><\/div>\n\t\t\t\t\t\t\t<div class=\"elementor-container elementor-column-gap-default\">\n\t\t\t\t\t\t\t<div class=\"elementor-row\">\n\t\t\t\t\t<div class=\"elementor-column elementor-col-100 elementor-top-column elementor-element elementor-element-591841d\" data-id=\"591841d\" data-element_type=\"column\">\n\t\t\t<div class=\"elementor-column-wrap elementor-element-populated\">\n\t\t\t\t\t\t\t<div class=\"elementor-widget-wrap\">\n\t\t\t\t\t\t<div class=\"elementor-element elementor-element-cd41c94 elementor-widget__width-inherit elementor-invisible elementor-widget elementor-widget-image\" data-id=\"cd41c94\" data-element_type=\"widget\" data-settings=\"{&quot;_animation&quot;:&quot;fadeIn&quot;}\" data-widget_type=\"image.default\">\n\t\t\t\t<div class=\"elementor-widget-container\">\n\t\t\t\t\t<div class=\"elementor-image\">\n\t\t\t\t\t\t\t\t\t\t<img width=\"1000\" height=\"448\" src=\"https:\/\/lafamillecartophille.com\/wp-content\/uploads\/2020\/11\/cartophille-enfantstempete.jpg\" class=\"attachment-full size-full\" alt=\"cartophille-enfantstempete\" loading=\"lazy\" srcset=\"https:\/\/lafamillecartophille.com\/wp-content\/uploads\/2020\/11\/cartophille-enfantstempete.jpg 1000w, https:\/\/lafamillecartophille.com\/wp-content\/uploads\/2020\/11\/cartophille-enfantstempete-300x134.jpg 300w, https:\/\/lafamillecartophille.com\/wp-content\/uploads\/2020\/11\/cartophille-enfantstempete-768x344.jpg 768w\" sizes=\"(max-width: 1000px) 100vw, 1000px\" \/>\t\t\t\t\t\t\t\t\t\t\t<\/div>\n\t\t\t\t<\/div>\n\t\t\t\t<\/div>\n\t\t\t\t\t\t<\/div>\n\t\t\t\t\t<\/div>\n\t\t<\/div>\n\t\t\t\t\t\t\t\t<\/div>\n\t\t\t\t\t<\/div>\n\t\t<\/section>\n\t\t\t\t\t\t<\/div>\n\t\t\t\t\t\t<\/div>\n\t\t\t\t\t<\/div>\n\t\t","protected":false},"excerpt":{"rendered":"<p>\u00ab Les Enfants de la Temp\u00eate \u00bb est le nom d&rsquo;un dispositif artistique immersif et participatif de cr\u00e9ation partag\u00e9e avec les habitants.Selon les demandes, il se d\u00e9veloppe sur une dur\u00e9e d&rsquo;une \u00e0 trois ann\u00e9es. Il d\u00e9bouche sur un spectacle participatif en g\u00e9ant.\u00ab Les Enfants de la Temp\u00eate \u00bb ont \u00e9t\u00e9 mont\u00e9s \u00e0 Angers Nord quartier [&hellip;]<\/p>\n","protected":false},"author":1,"featured_media":0,"parent":0,"menu_order":0,"comment_status":"closed","ping_status":"closed","template":"","meta":[],"_links":{"self":[{"href":"https:\/\/lafamillecartophille.com\/index.php\/wp-json\/wp\/v2\/pages\/53"}],"collection":[{"href":"https:\/\/lafamillecartophille.com\/index.php\/wp-json\/wp\/v2\/pages"}],"about":[{"href":"https:\/\/lafamillecartophille.com\/index.php\/wp-json\/wp\/v2\/types\/page"}],"author":[{"embeddable":true,"href":"https:\/\/lafamillecartophille.com\/index.php\/wp-json\/wp\/v2\/users\/1"}],"replies":[{"embeddable":true,"href":"https:\/\/lafamillecartophille.com\/index.php\/wp-json\/wp\/v2\/comments?post=53"}],"version-history":[{"count":54,"href":"https:\/\/lafamillecartophille.com\/index.php\/wp-json\/wp\/v2\/pages\/53\/revisions"}],"predecessor-version":[{"id":689,"href":"https:\/\/lafamillecartophille.com\/index.php\/wp-json\/wp\/v2\/pages\/53\/revisions\/689"}],"wp:attachment":[{"href":"https:\/\/lafamillecartophille.com\/index.php\/wp-json\/wp\/v2\/media?parent=53"}],"curies":[{"name":"wp","href":"https:\/\/api.w.org\/{rel}","templated":true}]}}